What is the hundred thousands digit of 1506371?
5
What is the ten thousands digit of 148181?
4
What is the hundreds digit of 25457400?
4
What is the units digit of 21592808?
8
What is the ten thousands digit of 224134?
2
What is the hundred thousands digit of 227258?
2
What is the ten thousands digit of 652895?
5
What is the ten thousands digit of 1091506?
9
What is the units digit of 52492?
2
What is the ten thousands digit of 506936?
0
What is the hundred thousands digit of 426433?
4
What is the millions digit of 6656769?
6
What is the millions digit of 1190906?
1
What is the units digit of 935040?
0
What is the hundreds digit of 209009?
0
What is the hundred thousands digit of 1653573?
6
What is the hundred thousands digit of 149655?
1
What is the tens digit of 3357739?
3
What is the units digit of 1238277?
7
What is the ten thousands digit of 470923?
7
What is the hundreds digit of 160931?
9
What is the hundreds digit of 69744?
7
What is the hundreds digit of 9165692?
6
What is the millions digit of 13798039?
3
What is the hundred thousands digit of 242563?
2
What is the units digit of 127547?
7
What is the hundreds digit of 561730?
7
What is the tens digit of 333803?
0
What is the tens digit of 1404842?
4
What is the units digit of 1257158?
8
What is the hundreds digit of 291890?
8
What is the millions digit of 12590409?
2
What is the hundred thousands digit of 1541184?
5
What is the millions digit of 4662810?
4
What is the thousands digit of 17525924?
5
What is the hundreds digit of 1307118?
1
What is the ten thousands digit of 82702?
8
What is the thousands digit of 143303?
3
What is the ten thousands digit of 16632967?
3
What is the ten thousands digit of 336041?
3
What is the ten thousands digit of 13625492?
2
What is the tens digit of 421621?
2
What is the units digit of 1760708?
8
What is the tens digit of 2078073?
7
What is the millions digit of 1377268?
1
What is the hundred thousands digit of 872403?
8
What is the tens digit of 2751789?
8
What is the thousands digit of 1399101?
9
What is the tens digit of 7955?
5
What is the thousands digit of 4851792?
1
What is the units digit of 729754?
4
What is the hundred thousands digit of 613963?
6
What is the ten thousands digit of 237705?
3
What is the units digit of 6453358?
8
What is the units digit of 4941132?
2
What is the hundred thousands digit of 7139537?
1
What is the hundred thousands digit of 298171?
2
What is the tens digit of 1378386?
8
What is the millions digit of 2770092?
2
What is the hundred thousands digit of 184528?
1
What is the thousands digit of 4688574?
8
What is the ten millions digit of 29944476?
2
What is the thousands digit of 53680?
3
What is the thousands digit of 144868?
4
What is the hundreds digit of 8137210?
2
What is the tens digit of 714580?
8
What is the tens digit of 434651?
5
What is the hundreds digit of 2177829?
8
What is the thousands digit of 9244208?
4
What is the hundreds digit of 130008?
0
What is the tens digit of 13656037?
3
What is the ten thousands digit of 597449?
9
What is the units digit of 7114622?
2
What is the thousands digit of 2177368?
7
What is the thousands digit of 10744781?
4
What is the ten millions digit of 10604684?
1
What is the thousands digit of 3871148?
1
What is the thousands digit of 468284?
8
What is the units digit of 90538?
8
What is the hundred thousands digit of 5409769?
4
What is the millions digit of 2022228?
2
What is the tens digit of 5254163?
6
What is the thousands digit of 3068199?
8
What is the hundreds digit of 522012?
0
What is the ten thousands digit of 6638484?
3
What is the hundreds digit of 1759135?
1
What is the units digit of 3330317?
7
What is the hundreds digit of 4306001?
0
What is the tens digit of 362300?
0
What is the ten thousands digit of 18952205?
5
What is the units digit of 1261943?
3
What is the ten thousands digit of 7612586?
1
What is the thousands digit of 679319?
9
What is the ten thousands digit of 150417?
5
What is the ten thousands digit of 1662259?
6
What is the tens digit of 307331?
3
What is the thousands digit of 2515806?
5
What is the hundreds digit of 1029801?
8
What is the units digit of 7363980?
0
What is the thousands digit of 334941?
4
What is the units digit of 4847246?
6
What is the ten thousands digit of 3796542?
9
What is the ten thousands digit of 2515236?
1
What is the ten thousands digit of 145531?
4
What is the ten thousands digit of 2866471?
6
What is the units digit of 5937757?
7
What is the hundred thousands digit of 239626?
2
What is the hundreds digit of 248607?
6
What is the hundred thousands digit of 890889?
8
What is the thousands digit of 5190890?
0
What is the millions digit of 3643569?
3
What is the units digit of 429812?
2
What is the thousands digit of 168260?
8
What is the hundred thousands digit of 172438?
1
What is the thousands digit of 336992?
6
What is the tens digit of 177762?
6
What is the ten thousands digit of 7850194?
5
What is the tens digit of 371450?
5
What is the millions digit of 8910565?
8
What is the ten thousands digit of 1080779?
8
What is the hundred thousands digit of 238693?
2
What is the hundred thousands digit of 220872?
2
What is the tens digit of 171201?
0
What is the units digit of 15786?
6
What is the thousands digit of 5894717?
4
What is the tens digit of 7464604?
0
What is the millions digit of 6536276?
6
What is the hundred thousands digit of 9595506?
5
What is the thousands digit of 15483302?
3
What is the thousands digit of 1200220?
0
What is the hundred thousands digit of 1517505?
5
What is the thousands digit of 362843?
2
What is the hundred thousands digit of 487740?
4
What is the units digit of 1440927?
7
What is the hundred thousands digit of 1909105?
9
What is the millions digit of 35247466?
5
What is the hundreds digit of 1778729?
7
What is the thousands digit of 6171829?
1
What is the hundreds digit of 1685672?
6
What is the hundred thousands digit of 194410?
1
What is the ten thousands digit of 627876?
2
What is the thousands digit of 5266278?
6
What is the thousands digit of 1215024?
5
What is the units digit of 3050733?
3
What is the thousands digit of 8562248?
2
What is the thousands digit of 540162?
0
What is the ten thousands digit of 574167?
7
What is the thousands digit of 1569542?
9
What is the thousands digit of 138800?
8
What is the units digit of 14506?
6
What is the tens digit of 240415?
1
What is the hundred thousands digit of 570491?
5
What is the thousands digit of 227667?
7
What is the units digit of 128550?
0
What is the thousands digit of 2275178?
5
What is the hundred thousands digit of 578668?
5
What is the hundreds digit of 13862681?
6
What is the hundreds digit of 67079?
0
What is the hundred thousands digit of 221909?
2
What is the tens digit of 115148?
4
What is the units digit of 3921000?
0
What is the units digit of 100787?
7
What is the units digit of 775767?
7
What is the units digit of 264646?
6
What is the hundred thousands digit of 16004811?
0
What is the tens digit of 16788320?
2
What is the units digit of 74837?
7
What is the ten thousands digit of 1096602?
9
What is the ten thousands digit of 206716?
0
What is the thousands digit of 6853224?
3
What is the units digit of 188904?
4
What is the units digit of 13832297?
7
What is the tens digit of 304026?
2
What is the units digit of 4063265?
5
What is the hundred thousands digit of 908044?
9
What is the hundreds digit of 3928714?
7
What is the ten thousands digit of 256516?
5
What is the ten thousands digit of 1262764?
6
What is the hundred thousands digit of 1333304?
3
What is the ten thousands digit of 145032?
4
What is the hundreds digit of 237504?
5
What is the thousands digit of 7026858?
6
What is the ten thousands digit of 4634079?
3
What is the millions digit of 1102474?
1
What is the thousands digit of 432582?
2
What is the tens digit of 9976809?
0
What is the hundreds digit of 102138?
1
What is the thousands digit of 381071?
1
What is the units digit of 406168?
8
What is the millions digit of 20935036?
0
What is the thousands digit of 1079853?
9
What is the ten thousands digit of 178701?
7
What is the thousands digit of 2777490?
7
What is the units digit of 811234?
4
What is the hundreds digit of 670464?
4
What i